{"id":36,"date":"2014-06-28T18:27:48","date_gmt":"2014-06-28T18:27:48","guid":{"rendered":"http:\/\/shk.nu\/?page_id=36"},"modified":"2023-03-21T09:17:18","modified_gmt":"2023-03-21T09:17:18","slug":"styrelse","status":"publish","type":"page","link":"https:\/\/shk.nu\/?page_id=36","title":{"rendered":"Styrelse"},"content":{"rendered":"<p>Ordf\u00f6rande: Jerry Nilsson<br \/>\n<a href=\"mailto:jerry.nilsson@bltsydostran.se\">jerry.nilsson@bltsydostran.se<\/a><\/p>\n<p>Sekreterare: Andreas J\u00f6nsson<br \/>\n<a href=\"mailto:andreas.jonsson@travronden.se\">andreas.jonsson@travronden.se<\/a><\/p>\n<p>Kass\u00f6r: Magnus Str\u00f6msten<br \/>\n<a href=\"mailto:mangemannen77@hotmail.com\">mangemannen77@hotmail.com<\/a><\/p>\n<p><strong>Ledam\u00f6ter:<\/strong><\/p>\n<p>Lars-Johan Holm<br \/>\n<a href=\"mailto:larsjohan.holm@travronden.se\">larsjohan.holm@travronden.se<\/a><\/p>\n<p>Henrik Lundell<br \/>\n<a href=\"mailto:lundellracing@hotmail.com\">lundellracing@hotmail.com<\/a><\/p>\n<p>Bj\u00f6rn Martinsson<br \/>\n<a href=\"mailto:bjorn.af.martinsson@telia.com\">bjorn.af.martinsson@telia.com<\/a><\/p>\n<p>Kenth Pettersson<br \/>\n<a href=\"mailto:kenth.pettersson.60@gmail.com\">kenth.pettersson.60@gmail.com<\/a><\/p>\n<p>Mikael Rosenquist<br \/>\n<a href=\"mailto:micke@miromedia.nu\">micke@miromedia.nu<\/a><\/p>\n","protected":false},"excerpt":{"rendered":"<p>Ordf\u00f6rande: Jerry Nilsson jerry.nilsson@bltsydostran.se Sekreterare: Andreas J\u00f6nsson andreas.jonsson@travronden.se Kass\u00f6r: Magnus Str\u00f6msten mangemannen77@hotmail.com Ledam\u00f6ter: Lars-Johan Holm larsjohan.holm@travronden.se Henrik Lundell lundellracing@hotmail.com Bj\u00f6rn Martinsson bjorn.af.martinsson@telia.com Kenth Pettersson kenth.pettersson.60@gmail.com Mikael Rosenquist micke@miromedia.nu<\/p>\n","protected":false},"author":2,"featured_media":0,"parent":0,"menu_order":0,"comment_status":"closed","ping_status":"closed","template":"","meta":{"footnotes":""},"_links":{"self":[{"href":"https:\/\/shk.nu\/index.php?rest_route=\/wp\/v2\/pages\/36"}],"collection":[{"href":"https:\/\/shk.nu\/index.php?rest_route=\/wp\/v2\/pages"}],"about":[{"href":"https:\/\/shk.nu\/index.php?rest_route=\/wp\/v2\/types\/page"}],"author":[{"embeddable":true,"href":"https:\/\/shk.nu\/index.php?rest_route=\/wp\/v2\/users\/2"}],"replies":[{"embeddable":true,"href":"https:\/\/shk.nu\/index.php?rest_route=%2Fwp%2Fv2%2Fcomments&post=36"}],"version-history":[{"count":12,"href":"https:\/\/shk.nu\/index.php?rest_route=\/wp\/v2\/pages\/36\/revisions"}],"predecessor-version":[{"id":700,"href":"https:\/\/shk.nu\/index.php?rest_route=\/wp\/v2\/pages\/36\/revisions\/700"}],"wp:attachment":[{"href":"https:\/\/shk.nu\/index.php?rest_route=%2Fwp%2Fv2%2Fmedia&parent=36"}],"curies":[{"name":"wp","href":"https:\/\/api.w.org\/{rel}","templated":true}]}}